 by 253?
169
What is the remainder when 4434 is divided by 282?
204
Calculate the remainder when 16127 is divided by 32.
31
Calculate the remainder when 11044 is divided by 553.
537
What is the remainder when 4632 is divided by 44?
12
What is the remainder when 21105 is divided by 21096?
9
Calculate the remainder when 29330 is divided by 1329.
92
Calculate the remainder when 2778 is divided by 461.
12
Calculate the remainder when 1356 is divided by 1344.
12
What is the remainder when 13159 is divided by 427?
349
What is the remainder when 11845 is divided by 2367?
10
Calculate the remainder when 136962 is divided by 3701.
25
Calculate the remainder when 52309 is divided by 47.
45
What is the remainder when 21877 is divided by 17?
15
What is the remainder when 2299 is divided by 407?
264
Calculate the remainder when 196158 is divided by 80.
78
Calculate the remainder when 3242 is divided by 17.
12
What is the remainder when 700699 is divided by 57?
55
Calculate the remainder when 5887 is divided by 5104.
783
Calculate the remainder when 157 is divided by 65.
27
What is the remainder when 1409 is divided by 138?
29
What is the remainder when 42496 is divided by 3817?
509
Calculate the remainder when 165404 is divided by 919.
903
Calculate the remainder when 536 is divided by 272.
264
What is the remainder when 368545 is divided by 21?
16
Calculate the remainder when 142230 is divided by 394.
390
What is the remainder when 2242951 is divided by 11?
7
Calculate the remainder when 78567 is divided by 7854.
27
What is the remainder when 41496 is divided by 53?
50
What is the remainder when 2204 is divided by 2191?
13
What is the remainder when 15691 is divided by 81?
58
What is the remainder when 937411 is divided by 58?
15
What is the remainder when 621 is divided by 118?
31
Calculate the remainder when 4629 is divided by 216.
93
What is the remainder when 28092 is divided by 104?
12
Calculate the remainder when 167537 is divided by 19.
14
What is the remainder when 1321 is divided by 5?
1
Calculate the remainder when 11594 is divided by 5778.
38
Calculate the remainder when 262689 is divided by 14.
7
What is the remainder when 88041 is divided by 10?
1
What is the remainder when 1674 is divided by 20?
14
Calculate the remainder when 51220 is divided by 5689.
19
Calculate the remainder when 16739 is divided by 8369.
1
Calculate the remainder when 132936 is divided by 16617.
0
Calculate the remainder when 5482 is divided by 112.
106
What is the remainder when 251399 is divided by 10?
9
Calculate the remainder when 693878 is divided by 209.
207
Calculate the remainder when 1095316 is divided by 21.
19
What is the remainder when 1081 is divided by 1040?
41
Calculate the remainder when 330611 is divided by 155.
151
What is the remainder when 13980 is divided by 31?
30
Calculate the remainder when 10359 is divided by 2070.
9
Calculate the remainder when 340364 is divided by 287.
269
What is the remainder when 3241 is divided by 3052?
189
Calculate the remainder when 1316717 is divided by 613.
606
What is the remainder when 10019 is divided by 77?
9
Calculate the remainder when 57629 is divided by 170.
169
Calculate the remainder when 12785 is divided by 12741.
44
Calculate the remainder when 100868 is divided by 7.
5
Calculate the remainder when 140832 is divided by 137.
133
What is the remainder when 321 is divided by 23?
22
Calculate the remainder when 305366 is divided by 351.
347
What is the remainder when 26289 is divided by 19?
12
Calculate the remainder when 183 is divided by 19.
12
What is the remainder when 261909 is divided by 4439?
8
What is the remainder when 6134 is divided by 3062?
10
What is the remainder when 58769 is divided by 187?
51
Calculate the remainder when 2459 is divided by 373.
221
Calculate the remainder when 19625 is divided by 310.
95
Calculate the remainder when 39323 is divided by 19655.
13
What is the remainder when 37897 is divided by 46?
39
What is the remainder when 30417 is divided by 454?
453
What is the remainder when 73570 is divided by 157?
94
What is the remainder when 1413 is divided by 1152?
261
What is the remainder when 606194 is divided by 163?
160
Calculate the remainder when 1403 is divided by 363.
314
What is the remainder when 184225 is divided by 3232?
1
Calculate the remainder when 832474 is divided by 1203.
1201
Calculate the remainder when 11421 is divided by 28.
25
Calculate the remainder when 34337 is divided by 27.
20
What is the remainder when 11253 is divided by 41?
19
What is the remainder when 19862 is divided by 548?
134
Calculate the remainder when 24530 is divided by 2724.
14
What is the remainder when 1022 is divided by 202?
12
What is the remainder when 10468 is divided by 80?
68
Calculate the remainder when 56260 is divided by 17.
7
Calculate the remainder when 6705 is divided by 55.
50
Calculate the remainder when 17304 is divided by 320.
24
Calculate the remainder when 1257721 is divided by 8167.
3
Calculate the remainder when 88507 is divided by 763.
762
Calculate the remainder when 25954 is divided by 118.
112
What is the remainder when 805645 is divided by 29?
25
Calculate the remainder when 116549 is divided by 7.
6
Calculate the remainder when 14054963 is divided by 985.
983
Calculate the remainder when 4412 is divided by 1261.
629
Calculate the remainder when 484756 is divided by 49.
48
Calculate the remainder when 9453 is divided by 555.
18
Calculate the remainder when 807475 is divided by 39.
19
What is the remainder when 19024 is divided by 139?
120
Calculate the remainder when 4033 is divided by 3948.
85
What is the remainder when 39234 is divided by 19603?
28
What is the remainder when 42873 is divided by 42842?
31
Calculate the remainder when 9675 is divided by 49.
22
Calculate the remainder when 3330 is divided by 817.
62
Calculate the remainder when 4739 is divided by 153.
149
Calculate the remainder when 4735 is divided by 326.
171
Calculate the remainder when 1621474 is divided by 36.
34
Calculate the remainder when 495116 is divided by 242.
226
Calculate the remainder when 22837 is divided by 18.
13
What is the remainder when 2082 is divided by 413?
17
What is the remainder when 471439 is divided by 12?
7
What is the remainder when 20990 is divided by 4189?
45
Calculate the remainder when 38118 is divided by 489.
465
Calculate the remainder when 6990 is divided by 27.
24
Calculate the remainder when 589419 is divided by 35.
19
Calculate the remainder when 476267 is divided by 491.
488
Calculate the remainder when 5945 is divided by 191.
24
Calculate the remainder when 2339 is divided by 1296.
1043
Calculate the remainder when 15372 is divided by 123.
120
What is the remainder when 10429 is divided by 308?
265
What is the remainder when 261782 is divided by 205?
202
Calculate the remainder when 36158 is divided by 18.
14
What is the remainder when 89899 is divided by 424?
11
What is the remainder when 20472 is divided by 7?
4
What is the remainder when 187511 is divided by 54?
23
What is the remainder when 4727 is divided by 1543?
98
What is the remainder when 3065 is divided by 184?
121
Calculate the remainder when 68927 is divided by 76.
71
What is the remainder when 7921 is divided by 2171?
1408
Calculate the remainder when 28359 is divided by 2167.
188
What is the remainder when 359583 is divided by 54?
51
Calculate the remainder when 74238 is divided by 701.
633
What is the remainder when 75761 is divided by 18?
17
What is the remainder when 17671 is divided by 94?
93
What is the remainder when 36976 is divided by 333?
13
What is the remainder when 206240 is divided by 49?
48
What is the remainder when 11336 is divided by 106?
100
Calculate the remainder when 1281689 is divided by 135.
134
Calculate the remainder when 78399 is divided by 35.
34
What is the remainder when 174067 is divided by 21742?
131
Calculate the remainder when 76106 is divided by 303.
53
Calculate the remainder when 6830 is divided by 6819.
11
What is the remainder when 5929 is divided by 370?
9
What is the remainder when 51703 is divided by 233?
210
Calculate the remainder when 17948 is divided by 41.
31
Calculate the remainder when 18166 is divided by 432.
22
Calculate the remainder whe